. Let v be 6/h + (-21)/9. List the prime factors of i(v).
2, 3, 5
Suppose 0 = 9*p - 6*p - 171. Let v(n) = -31*n**3 - 27*n**3 - 4*n + 1 + p*n**3 + n**2. List the prime factors of v(-3).
7
Suppose -8 = -0*d + 2*d. List the prime factors of 67*(-5)/20*d.
67
Let m = -28 + 284. List the prime factors of m.
2
Let t(m) = -81*m**2 + 2*m - 1. Let a be t(1). Let i = 96 + a. What are the prime factors of i?
2
Let y = 16 - 14. Suppose 0 = -6*i + y*i + 252. List the prime factors of i.
3, 7
Let i = 89 + 164. What are the prime factors of i?
11, 23
Let g = -153 - -274. Let r = g + -74. List the prime factors of r.
47
Suppose -4*k + 1202 = 138. Suppose 76 + k = 5*l + 4*g, 4*l = -3*g + 273. List the prime factors of l.
2, 3, 11
Suppose -125 = 2*n + 61. Let g = n - -187. What are the prime factors of g?
2, 47
Let r be (6/(-3) - -8) + -3. List the prime factors of (69/4)/(r/12).
3, 23
Let m(s) = s**3 + s**2 + s + 125. Suppose -3*v - 2*v = 0. Let b be m(v). Suppose 100 = 4*a + 5*d - 0*d, 5*d - b = -5*a. What are the prime factors of a?
5
Let c(m) be the second derivative of m**4/12 - m**3/6 - 6*m**2 + 2*m. Let j be c(5). What are the prime factors of (1*j/1)/1?
2
Let m be (214/(-3))/((-12)/54). Suppose 7*x = 3*x - f + 631, m = 2*x - 5*f. What are the prime factors of x?
2, 79
Let k(h) be the second derivative of -h**5/60 + 3*h**4/8 - h**3/2 + 5*h**2/2 + 5*h. Let o(a) be the first derivative of k(a). List the prime factors of o(4).
17
Let i(w) = 38*w**2 - w. Let o be i(1). Suppose 3*s + 5*s = 0. Suppose -n = -s*n - o. What are the prime factors of n?
37
Let i = -2638 - -7866. List the prime factors of (-2)/(-11) - i/(-44).
7, 17
Let w = -25 + 15. Let a be 1144/66 - (-2)/(-6). Let h = a + w. What are the prime factors of h?
7
Let k(a) be the second derivative of -a**4/12 + 5*a**3/3 - 17*a**2/2 + 3*a. Let b be k(8). What are the prime factors of 28/b*(-18)/24?
3, 7
Let g(c) = -73*c**3 - 3*c**2 + 5. List the prime factors of g(-2).
577
Suppose -5*f = 0, -5*t - 4*f + 2273 = 663. What are the prime factors of t?
2, 7, 23
Let y(d) = 13*d**3 - 2*d**2 + 3*d - 1. List the prime factors of y(4).
811
Let v(i) be the third derivative of i**7/840 + i**6/60 - 4*i**3/3 - 6*i**2. Let u(c) be the first derivative of v(c). What are the prime factors of u(-5)?
5
Let a(t) = -2*t**3 - 8*t**2 + 4*t - 1. Let s be a(-6). Suppose 0 = -m - 15 - s. What are the prime factors of 4/(-5) + m/(-5)?
2, 13
Suppose -f - 14 = -2*d, 3*f + 13 = 4*d - 33. What are the prime factors of (-2326)/f - 24/108?
3, 43
Let b(i) = -30*i + 292. What are the prime factors of b(-25)?
2, 521
Let x = 19 + -25. What are the prime factors of ((-9)/x)/((-18)/(-300))?
5
Let h = 0 - 6. Let i = 14 + h. List the prime factors of i.
2
Let x = -1 + -3. What are the prime factors of 1 + 16 + (-16)/x?
3, 7
Let x be 5/2 - (1 + (-4)/8). Suppose -5*j - 4 = x*v - 26, -3*j - v + 14 = 0. List the prime factors of j.
2, 3
Suppose r = 48 - 240. What are the prime factors of (-24)/9*r/2?
2
Suppose 0 = -f - 2*f - 57. Let p be -15*8/12 + 3. Let h = p - f. List the prime factors of h.
2, 3
Let a(l) = l**3 - 11*l**2 + l + 14. Let n = 15 - 17. Let z(p) = 2*p**2 - 2*p - 1. Let u be z(n). List the prime factors of a(u).
5
Let q(f) = 10*f + 66. List the prime factors of q(16).
2, 113
Let u(r) = -r**2 + 11*r - 2. Let k be u(11). Let b(o) = 9*o**2 + 2. List the prime factors of b(k).
2, 19
Let a = -14 + -12. Let z = a + 31. Suppose z*d + 11 = 186. What are the prime factors of d?
5, 7
Let g = 667 - 436. What are the prime factors of g?
3, 7, 11
Suppose -8*j + 3*f + 9333 = -4*j, j - 2319 = -4*f. What are the prime factors of j?
3, 7, 37
Suppose 37 = -5*f + h, 5*f = 8*h - 3*h - 45. Let c be 5 + 14 + 0 + 0 + -3. Let k = c + f. What are the prime factors of k?
3
Let j be (-48 + 46)/(1 - 31/33). Let c = j - -150. What are the prime factors of c?
3, 13
Suppose 23*n - n - 25696 = 0. What are the prime factors of n?
2, 73
List the prime factors of (-8 - 88/(-10))*385/2.
2, 7, 11
Suppose 15*n = 9*n - 162. Let q = 115 + n. List the prime factors of q.
2, 11
Suppose -4*l + 3*l - 5*g + 5 = 0, -2*l - 3*g + 10 = 0. Suppose l*z - 2*z - 135 = 0. What are the prime factors of z?
3, 5
Let u(h) be the second derivative of 0 - 4*h - 11/2*h**2 + 2/3*h**3. What are the prime factors of u(5)?
3
Suppose -2*f - j = -0*j - 2647, -5*j + 6615 = 5*f. List the prime factors of f.
2, 331
Suppose -o = 2*m - 739, -5*o + 3713 = 7*m - 3*m. What are the prime factors of o?
5, 149
Suppose 0 = -21*f + 6416 + 3601. What are the prime factors of f?
3, 53
Let i = -1508 + 4237. What are the prime factors of i?
2729
Suppose 0 = -33*q + 30*q + 378. List the prime factors of q.
2, 3, 7
Let f be 314 + (3 - (-2)/(-1)). Suppose 2*i + 3*i - 3*a = 315, -a - f = -5*i. List the prime factors of i.
3, 7
Suppose -8*d - 2450 = -13*d. Suppose -9*p + 473 = -d. What are the prime factors of p?
107
Let z = -14 + 20. Let n = z + 30. Let f = -1 + n. List the prime factors of f.
5, 7
Let i(b) be the third derivative of b**4/6 - 3*b**3/2 - 13*b**2. What are the prime factors of i(10)?
31
Suppose -2*y - 4*n = 2*y + 1052, -4*y - 3*n - 1056 = 0. Let t = 481 + y. List the prime factors of t.
2, 107
Let z be (-8)/(-12) - 172/(-12). Let o = 35 - z. What are the prime factors of 390/o + 1/(-2)?
19
Let n(x) = x**3 - 23*x**2 + 20*x + 44. Let q be n(22). Suppose q = o - 42 - 15. List the prime factors of o.
3, 19
Suppose 16*j + 8160 = 26*j. List the prime factors of j.
2, 3, 17
Let v(j) = -4*j + 49. Let b be v(11). Suppose b*y = 17*y - 1764. List the prime factors of y.
3, 7
Let n = -109 + 113. Suppose 0 = 4*d - 5*y - 190, -n*d + 148 = -d - y. List the prime factors of d.
2, 5
Suppose -11*b + 65 = 2*b. Suppose -5*o + 670 = -4*y, -91 = 3*o - b*y - 506. List the prime factors of o.
2, 5, 13
Suppose -13992 = 372*n - 380*n. List the prime factors of n.
3, 11, 53
Suppose 2*m = 3*r + 6*m - 23, -8 = -2*r + m. Suppose -r*f - 30 = -0*f. What are the prime factors of 12 + (0 + f)/3?
2, 5
Let c(r) = -112*r**3 - r**2 + r + 1. Let a(v) = v - 7. Let x be a(6). What are the prime factors of c(x)?
3, 37
Suppose -x - 4*x + 3*s - 192 = 0, 4*x + 4*s = -128. Let k be (-12)/x - 32/6. What are the prime factors of k/(75/(-78))*10?
2, 13
Let j = 485 - 181. List the prime factors of j.
2, 19
Let n(i) = -65*i - 31. Let p(v) = 32*v + 15. Let w(o) = -2*n(o) - 5*p(o). What are the prime factors of w(-2)?
47
Suppose 0 = 20*k - 11*k - 5499. What are the prime factors of k?
13, 47
Let j be ((-61)/(-4))/((-1)/(-4)). Let h = 280 + -278. Suppose -h*n = -j - 53. List the prime factors of n.
3, 19
Let q(c) = c**2 - 2*c + 131. Let o be (-1 - -1)/((-1)/1). Let x be q(o). Let b = x - 87. List the prime factors of b.
2, 11
Let z = 3 + -3. Let m = 21 + -8. Suppose z = -15*c + m*c + 102. What are the prime factors of c?
3, 17
List the prime factors of (-14993)/(-11) + (-2 - 4/4).
2, 5, 17
Let c(i) = 7*i**2 - 4*i + 19. What are the prime factors of c(3)?
2, 5, 7
Let z = -17 + 24. Let n(w) = -87*w**2 + 9*w - 7. Let f(h) = 130*h**2 - 13*h + 10. Let v(j) = z*n(j) + 5*f(j). List the prime factors of v(1).
2, 5
Suppose -3*t - 3*k - 33 = -8*t, -2*t = -4*k - 2. Suppose 255 = h + t. List the prime factors of h.
2, 3, 41
Let m(f) be the third derivative of f**6/120 - f**5/15 + f**4/8 + 5*f**3/6 - 7*f**2. List the prime factors of m(5).
3, 5
Let b(a) = 44*a**2 + 5*a + 1. Let x be b(-3). Let g = x + -182. What are the prime factors of g?
2, 5
Let w(t) = -t**3 + 79. Let i be w(0). Let a = i - 56. Suppose 4*p = a + 33. List the prime factors of p.
2, 7
Let q be (-535)/(-7) + (-3)/7. Suppose -q = -r - 2*a, 3*r - 4*r + 5*a + 97 = 0. Suppose 4*u - r = 5*n, 4*u + n - 33 - 61 = 0. List the prime factors of u.
23
Let z = 484 + -304. What are the prime factors of (0 + 6 + z)/(1 + 0)?
2, 3, 31
Let f = 125 - 115. List the prime factors of 466/f + (-2)/(-5).
47
Let n = 150 - 117. List the prime factors of n.
3, 11
Suppose 4*w = -16, 6*o = 3*o - 3*w + 996. Let n = -165 + o. What are the prime factors of n?
3, 19
Suppose -9*n = -6*n - 12, -3*n = 3*a - 159. List the prime factors of a.
7
Let t(i) = 3*i + 20. Suppose c + 5*r = -12, 7*c + 19 = 4*c + 2*r. Let k be t(c). Let y(a) = -39*a**3 + 2*a + 1. List the prime factors of y(k).
2, 19
Let h = -30 - -39. Suppose 5*n + l - 268 = 0